eds digit of l?
2
Suppose -2046422 - 1661999 = -101*n + 278352. What is the units digit of n?
3
What is the hundreds digit of 5/((-4)/6521*70/(-56))?
5
Let l(m) = -m**3 + 66*m**2 + 99*m - 509. What is the thousands digit of l(37)?
2
Let w(u) = 66*u**2 + 5*u + 15. Let p be w(6). Let a = p + -1568. What is the units digit of a?
3
Suppose -5*q = g - 681, 5*g + q + 0*q = 3357. Suppose 11*b - g - 2090 = 0. What is the hundreds digit of b?
2
Suppose 18*f - 19*f = g - 7310, 7290 = g - 4*f. What is the hundreds digit of g?
3
Let d = -12113 + 19474. What is the tens digit of d?
6
Let b be 7/(-5 - (-32)/6). Let r = -21 + b. Suppose -5*c + 123 = -2*t - 767, -c + 2*t + 186 = r. What is the units digit of c?
6
Let v = -57 + 59. Let t be (3 - 1) + -2 + -3 + v. What is the tens digit of (t - -56) + (5 - (2 + 6))?
5
Suppose -453207 = -203*l + 136914. What is the thousands digit of l?
2
Let s = 3849 + -2367. Suppose -s = -3*p + 189. What is the units digit of p?
7
Suppose 0 = -2*o + 5*j + 97, -9 - 37 = -o + 5*j. What is the thousands digit of o*38/5*20/6?
1
Suppose -3*u - 5*m + 37949 = 0, 0*m = 5*u - 3*m - 63305. What is the hundreds digit of u?
6
Suppose 0 = 843*l - 862*l + 534299. What is the thousands digit of l?
8
Let j(u) = 1334*u**2 - 8*u - 17. What is the units digit of j(-2)?
5
Let r = -953 - -1515. Suppose -g + r = -4*l + 5*l, -5*g + 4*l = -2801. What is the tens digit of g?
6
Suppose -13*h + 2*h = -99059 - 199272. What is the thousands digit of h?
7
Let b(s) = 3*s**2 + s - 179. What is the units digit of b(-43)?
5
Let d(l) = l**3 + 128*l**2 - 598*l - 126. What is the hundreds digit of d(-132)?
1
Let x = 2879 + -4183. Let u = -868 - x. What is the units digit of u?
6
Let d = -13865 - -22567. What is the thousands digit of d?
8
Let h = 130 - -171. Suppose -551 - h = -4*y. What is the hundreds digit of y?
2
Let q be (-240)/(-45) - (-4)/(-3). Suppose -x - x + 4*g = 14, -q*x + 5*g - 13 = 0. Suppose -x*n + 355 = 5*c + 44, -c - n = -61. What is the tens digit of c?
6
Let u(z) = z**3 - z**2 - 3*z - 14065. Let j be u(0). What is the units digit of j/(-25) + (-12)/(-30)?
3
Let w be (-3 - -7)*-3*21/(-36). Suppose -74448 = -w*z - 37*z. What is the hundreds digit of z?
6
What is the tens digit of (25350/(-3250))/(1/3*(-1)/125)?
2
Suppose -30*u + 303728 = -44302. What is the tens digit of u?
0
Let j(z) = -794*z**3 - z**2 + 3*z - 2. What is the hundreds digit of j(-2)?
3
Suppose 3*q = -32*k + 31*k + 8326, -5*k + 41666 = 3*q. What is the hundreds digit of k?
3
Let x be (2/(-4))/((-20)/(-120)). What is the tens digit of -55*(-5 + 5 + 3/x)?
5
Suppose 134371 = 84*r + 26179. What is the units digit of r?
8
What is the hundreds digit of 88/308 - (-300147)/21?
2
Suppose 0 = -32*s + 178227 - 2590 + 151499. What is the units digit of s?
3
Suppose -u = 3*k - 124531, -k + 462*u = 464*u - 41517. What is the ten thousands digit of k?
4
Let a = 157 - 244. Let x = -12 + a. Let m = x + 145. What is the units digit of m?
6
Let a = 1201 - -8596. What is the tens digit of a?
9
Let o(h) = 2*h**3 - 7*h**2 - 2*h - 8. Let v be o(4). Suppose 177*j - 176*j - 299 = v. What is the units digit of j?
9
Suppose 0 = -228*u + 478916 - 265400 + 470256. What is the tens digit of u?
9
Suppose 0 = d + 5*o - 6127, 5*d - 5*o - 18341 = 2*d. What is the thousands digit of d?
6
Suppose 0 = 8*j - 4*j - 1044. What is the tens digit of j/((-6)/(-6)) - -2?
6
Suppose 0*n - 4*n = 0. Suppose 0 = 4*j - 4*y - 380, n = -5*j + y - 0*y + 463. Suppose 11*m = 7*m + j. What is the units digit of m?
3
Let l = -247 - -250. Let v(c) = 16*c**3 - 3*c**2 + 8*c. What is the tens digit of v(l)?
2
Suppose 0 = -88*v + 122261 + 53050 + 26209. What is the thousands digit of v?
2
Let w = 139884 + -83364. Suppose 54*u - 24*u - w = 0. What is the units digit of u?
4
Suppose 14*p - 122417 - 152473 = 0. What is the hundreds digit of p?
6
Let s be 20*1 + (0/3)/(-3). Suppose s*f - 23*f = -135. What is the tens digit of f?
4
Let z(w) = -63*w + 466. Let t be z(15). What is the units digit of (0/((-20)/(-4)) - 1)*t?
9
Suppose 3*q - 35627 = 2*d - 7*d, -4*q - 5*d + 47506 = 0. What is the ten thousands digit of q?
1
Suppose h - 27 = p, -h + 4*p = -2*h + 22. Let c = h - 19. Let b(v) = 2*v**2 + v + 12. What is the tens digit of b(c)?
1
Let c be -5 - -13 - 12*(-6)/(-9). Let d(v) = 7*v**2 + 3*v + 1. Let b be d(4). Suppose c = -l + b + 3. What is the tens digit of l?
2
What is the hundreds digit of 366/14*(-3591)/(-171)?
5
Suppose 23*n + 19*n - 87654 = 0. Let d = -1009 + n. What is the units digit of d?
8
Let d(q) = -q**3 + 2*q**2 - 8*q - 50. Let g be d(7). Let o = g + 949. What is the hundreds digit of o?
5
Let t be ((-35)/28)/((-4)/16). Suppose -90 = -t*k + 7955. Suppose 12*x - 683 = k. What is the tens digit of x?
9
Suppose -4*b + 8104 = 4*a, b + 4*a - 2029 = 2*a. What is the tens digit of b?
2
Let w(q) = -q**2 + 185*q + 3000. What is the tens digit of w(127)?
6
Suppose 4*d + 5*d = 49987 - 3421. What is the hundreds digit of d?
1
Suppose 42*c + 38394 = 3*t + 40*c, -20*t + 255960 = -c. What is the tens digit of t?
9
What is the tens digit of 4 + -16 + 5 + 12249?
4
What is the thousands digit of ((-4 + -3)/(55/66))/(4/(-950))?
1
Suppose 0 = 4*y + 2*o - o - 2243, 0 = -3*y - 4*o + 1692. Let n = -90 + y. What is the hundreds digit of n?
4
Let z be (-174*13/104)/(1/(-4)). Let f be (-14)/(-1 - 10/(-14)). Let g = z - f. What is the tens digit of g?
3
What is the tens digit of ((-552)/32)/(78/(-58864))?
1
Let o = -220 - -121. Let c(v) = 115*v + 185. Let w be c(-2). Let z = w - o. What is the units digit of z?
4
Let q = 957 - 235. Suppose 28*v - 29*v = -q. What is the tens digit of v?
2
What is the tens digit of (150/(-8))/(1/(-500))?
7
Suppose 4*m - 3*p - 8 = 0, 10 = m + 4*m - 2*p. Let k be 2/4 + 2386/8*m. Suppose 5*n + 47 = 5*c + k, 3*c - 440 = -4*n. What is the hundreds digit of n?
1
Suppose -70*p + 53720 = -60*p. What is the hundreds digit of p?
3
Suppose -5*u - 54 = -59. What is the units digit of (u/3)/((-21)/(-65457))?
9
Let m = 400 + -396. Suppose -2406 = -5*n - f, 0 = m*n + 81*f - 86*f - 1919. What is the units digit of n?
1
Let j(f) = f**3 - 28*f**2 - 15*f - 9. Let l be j(29). Suppose 0 = -x + 27 + l. What is the tens digit of x?
2
Let i(w) = -2*w**3 - 11*w**2 - 2*w - 45. Let x(l) = -5*l**2 - 10 + 0*l**3 - l**3 - 12 - 5*l + 4*l. Let m(b) = 4*i(b) - 9*x(b). What is the tens digit of m(0)?
1
Let o(r) = 32*r**2 + 4*r + 7. Suppose -39 + 37 = p. Let v be o(p). Suppose 0 = -3*z + v + 323. What is the units digit of z?
0
Suppose -3*c - 135 = -165. Suppose c*h - 229 = 3821. What is the units digit of h?
5
Let k be (18/30)/(5/25). Suppose -u = y - 730, 2536 = 4*y - k*u - 370. What is the hundreds digit of y?
7
Suppose -c = -4*b + 266, 5*c + 5*b + 806 = -449. Suppose -2*m = -o + 243, -m - 3*m - 4*o - 516 = 0. Let d = m - c. What is the units digit of d?
0
Suppose -84*t + 46330 = -7*t - 76408. What is the units digit of t?
4
Suppose -325*m + 338*m = 10608. Suppose 4*a + 264 = r, 4*a = 4*r - 288 - m. What is the units digit of r?
0
Let f = 41290 - 28935. What is the hundreds digit of f?
3
Suppose -14*o - 8 = -18*o. Suppose 0 = -o*p + i - 2, 4*i - 6 - 2 = 0. What is the tens digit of (p + 1)/(3/111)?
3
Let w(r) = -r**3 + r**2 - 5*r + 4. Let h be w(6). Let o = h - -103. Let g = 4 - o. What is the units digit of g?
7
Let i be (1026/12)/(3/(-96)*-6). Let x = i - 207. What is the tens digit of x?
4
Suppose 2*r - k = -2*k + 10, 5*r = 5*k + 10. Let b(d) = 2*d**3 + 4*d**2 - 3*d - 3. What is the tens digit of b(r)?
7
Let q(f) = -3*f**3 + 2*f**2 + 5*f + 4. Let d be q(-1). Suppose 0 = 4*b + 2*n - 38, 2*b + d*n = 30 + 4. Let o(g) = 18*g - 23. What is the hundreds digit of o(b)?
1
Let u = 39975 - 36440. What is the units digit of u?
5
Let m(v) = 42*v + 124. Let j be m(-12). What is the hundreds digit of 3/(-9)*-6 - j?
3
Let w be 1*(1 - (6 + -7)). Suppose -w*r = -5*y - 0*r + 230, -y = -r - 43. What is the units digit of y?
8
Let a be (-4)/(-16) - (-22)/8. Suppose -v - 3*f - a = 0, -5*v + f + 15 = -18. What is the units digit of v?
6
Suppose 6*p - 506 = 7*p. Let w = p - -1227. Suppose -7*u - w = -14*u. What is the tens digit of u?
0
Suppose 16*x = 2*w + 13*x - 30491, 5*x = -w + 15200. What is the hundreds digit of w?
2
Let a = -12 - -17. Suppose -t - 6*b + 7 = -2*b, 4